ose -r + 28 + 12 = h. What is the remainder when r is divided by 21?
19
Suppose 12*r - 28 = 11*r. Calculate the remainder when 109 is divided by r.
25
Calculate the remainder when ((-44)/(-8))/((-2)/(-4)) is divided by 2*(1 - 0)*3.
5
Suppose -18 = -4*p + 22. Calculate the remainder when p is divided by 7.
3
Suppose 0 = -4*j + 2*l + 81 + 63, -190 = -5*j + 5*l. Calculate the remainder when j is divided by 10.
4
Let f = 3 - -12. Let s(t) = 0 + 1 + 0*t**2 + 6*t**2 - 4*t. Calculate the remainder when s(3) is divided by f.
13
Suppose -5*s + 98 = -82. What is the remainder when 105 is divided by s?
33
Let i(r) = 18*r**3 - 4*r**3 - 2*r + 1 + 0 + 15*r**3. Let f be i(1). Suppose -4*m = -4*k - 5 + 13, -m = 5*k - f. Calculate the remainder when 3 is divided by m.
0
Let n = -4 - 3. Calculate the remainder when (-74)/(-14) + 2/n is divided by 3.
2
Suppose -2*g + u - 5*u + 180 = 0, 2*u - 466 = -5*g. What is the remainder when g is divided by 32?
30
Let r(m) = -m**3 - 6*m**2 + 9*m + 5. What is the remainder when r(-9) is divided by 42?
41
Let c be 1 + 3 + 0 + -2. Suppose -6 = 2*m, c*m = 5*w + m - 28. Suppose 5*r + 0*a = -3*a + 58, -w*r - 5*a = -60. What is the remainder when r is divided by 3?
2
Let u(l) = 2*l + 11. Suppose -k + 16 = -2*q, 2*k - 37 = -0*k + 5*q. Calculate the remainder when u(k) is divided by 12.
11
Let t = 341 + -194. Calculate the remainder when t is divided by 30.
27
Let v(r) = r**3 - 8*r**3 - 4*r**2 - 1 - 4*r + 6*r**3. What is the remainder when (-43)/(-2)*6/3 is divided by v(-4)?
13
Let c be (-6)/(-4) + (-18)/(-12). Let i = c + 0. Suppose 0 = i*k + k - 56. Calculate the remainder when 41 is divided by k.
13
Let a = -35 - -58. Calculate the remainder when 356/8 - (-1)/(-2) is divided by a.
21
Let s(i) = 8*i**3 - 3*i**2 + 4*i - 5. Calculate the remainder when s(2) is divided by 14.
13
Let y be (-93)/(-12) - 1/(-4). Suppose 0 = 5*l - 0*l - 50. Calculate the remainder when ((-76)/y)/(1/(-2)) is divided by l.
9
Let b(i) = -i + 5. Let l be ((-14)/(-8))/(1/(-4)). Suppose 4*d - 105 - 8 = -5*z, 17 = d - z. Calculate the remainder when d is divided by b(l).
10
What is the remainder when 15 is divided by (0 - (-4)/5)*(5 - 0)?
3
Let o be 19/1 + -3 + 1. Let g(h) = 2*h - 3. Let b be g(3). Suppose b*a + 2 = o. What is the remainder when a is divided by 3?
2
Let k(q) = -q**3 - 12*q**2 - 2*q - 13. Calculate the remainder when k(-12) is divided by 6.
5
Let j(v) = 8*v + 1. Suppose -5*h + 30 = a, 0 = a - 0*h - 4*h + 6. What is the remainder when j(2) is divided by a?
7
Let m be 12*2/(-4)*1. Calculate the remainder when 38 is divided by m/(-9)*1*30.
18
Let n = 108 - 77. Calculate the remainder when n is divided by 16.
15
Let g(q) = q**2 - 5*q + 1. Let n be g(-4). Suppose 0*h = -s - 4*h + 15, -5*s - h + n = 0. What is the remainder when 16 is divided by (-305)/(-35) - (-2)/s?
7
Calculate the remainder when 159 - (2 + -5 + 1) is divided by 54.
53
Let g = 9 - 6. Suppose 3*l + 0*v - 3*v - 15 = 0, 2*v = 0. Suppose 4*a = g*y + 95, -l*y = -a - y + 14. Calculate the remainder when a is divided by 14.
12
Suppose 3*j + 6 = 0, 0 = 5*o - 3*j - 70 - 96. Let z(n) = 2*n + 21. What is the remainder when o is divided by z(-5)?
10
Suppose 864 = 4*v + 12*v. What is the remainder when v is divided by 20?
14
Let y(d) = d + 6. Let s be y(-4). Let b = 2 - s. Suppose t - 5*t + 100 = b. What is the remainder when 74 is divided by t?
24
Let k(y) = y**3 + 5*y**2 + 6*y + 1. Let b be k(-4). Let r(h) = h**2 + 5*h - 6. Calculate the remainder when 23 is divided by r(b).
7
Let g(l) = l - 6. Calculate the remainder when 79 is divided by g(26).
19
Suppose -5*n + 21 + 54 = 0. What is the remainder when n is divided by 13?
2
Let p(d) = 4*d**2 - 4*d + 3. Let b(w) = 3*w**2 - 5*w + 3. Let g(l) = 3*b(l) - 2*p(l). Calculate the remainder when g(8) is divided by 4.
3
Let t = -72 + 106. What is the remainder when t is divided by 12?
10
Let w = -17 + 24. What is the remainder when 32 is divided by w?
4
Let f(c) = -c**3 + c + 19. Let b be f(0). Let u = b - 9. Calculate the remainder when u is divided by 4.
2
Let l(s) = s**2 + 8*s + 4. Calculate the remainder when 110 is divided by l(-9).
6
Let g(a) = -a + 4. Let w be g(3). Let i(j) = 45*j**2 - j. Calculate the remainder when i(w) is divided by 15.
14
Suppose 18 = k - 1. Let x(g) = 10*g**2 + 2*g - 3. Let z be x(-3). Let t = -26 + z. Calculate the remainder when t is divided by k.
17
What is the remainder when 86 is divided by -1 + 30 + 0/(-15)?
28
Let k(m) = m**3 + 8*m**2 + 1. Let o be k(-8). What is the remainder when 27 is divided by (18 - o) + 5 + -8?
13
Suppose -2*i + 19 = 7. Let x(v) = -3*v**2 - 7*v - 5. Let p(w) = 4*w**2 + 6*w + 4. Let g(l) = 2*p(l) + 3*x(l). What is the remainder when g(-6) is divided by i?
5
Suppose -685 = -7*h + 2*h. Calculate the remainder when h is divided by 35.
32
Suppose 0*f = 4*f - 300. Calculate the remainder when f is divided by 19.
18
Let k(o) = o**2 - 2*o - 1. Let r = 18 + -11. Let y be k(r). Suppose -m + 3*m - y = 0. What is the remainder when m is divided by 6?
5
Let b = -5 + 11. What is the remainder when 11 is divided by b?
5
What is the remainder when (-2)/(-4)*-1 + 42/4 is divided by 4?
2
What is the remainder when 33 is divided by (-2)/((-7)/(-9) + -1)?
6
Let b = 14 - 5. Suppose -5*j + 40 = -0*j. Let k(s) = s**2 - 6*s. Calculate the remainder when k(j) is divided by b.
7
Let z(f) = 11*f**2 + 4*f - 3. Let u be z(4). Let j = u - 131. What is the remainder when j is divided by 20?
18
Let u = -12 - -15. Suppose -u*x + 141 = -0*x. Calculate the remainder when x is divided by 13.
8
Suppose -3*s + 11 = -58. Calculate the remainder when s is divided by 14.
9
Let n(k) = -5*k**3 - 4*k**2 + k. Let w(l) = -5*l**3 - 5*l**2 + l. Let u(d) = -3*n(d) + 2*w(d). Calculate the remainder when 21 is divided by u(1).
3
Suppose g - 3 = -1. Suppose 0*f = g*f - 52. Calculate the remainder when f is divided by 9.
8
Let d = -1 + 4. Suppose 4*g - 9 - d = 0. Calculate the remainder when 4 is divided by g.
1
Let i = 1 + -3. Let b = i - -9. Let a = 1 + b. What is the remainder when 23 is divided by a?
7
Calculate the remainder when 32 - (-2 + -4 - -4) is divided by 7.
6
Suppose 5*p + 4*a + 10 = 3*p, -2*a + 7 = 5*p. Let x be 2/(-1 + 9/p). What is the remainder when (-52)/(-3) - x/3 is divided by 6?
5
Suppose -65 = -23*f + 22*f. What is the remainder when f is divided by 19?
8
Suppose 0 = 3*d - g + 5, 5*d = 3*g - g - 9. What is the remainder when (-60)/9*54/(-24) is divided by 8/3*(4 + d)?
7
Suppose 4*g + 94 = 3*x, 3*x + 4*g = g + 66. Suppose 1 - 13 = -2*w. Calculate the remainder when x is divided by (3 - 2) + (w - -2).
8
Suppose 27*b = 23*b + 424. What is the remainder when b is divided by 16?
10
Let a = 40 - 8. Let s(g) = 10*g + 1. Let z be s(1). Let t = z + 6. Calculate the remainder when a is divided by t.
15
Let x = 89 - 73. Calculate the remainder when 41 is divided by x.
9
Suppose -227 = -2*b + b. Suppose 58 = 5*w - b. Calculate the remainder when w is divided by 15.
12
Let t be (-2*(-3 - 2))/(-1). Let a = t - -14. Suppose 0 = -5*u + u - y + 32, 8 = u - a*y. What is the remainder when 13 is divided by u?
5
Let q = -26 - -44. Calculate the remainder when 53 is divided by q.
17
Let c = -12 + 22. What is the remainder when 69 is divided by c?
9
Suppose 3*r - 40 = r. Calculate the remainder when (r - 2)/((-4)/(-6)) is divided by 14.
13
Suppose j + 4*j = 20, p + 3*j = 28. Calculate the remainder when 43 is divided by p.
11
Suppose 2*p - 2*c - 16 = 0, 2*c - 67 = -5*p + 8. Calculate the remainder when 50 is divided by p.
11
Let w(d) = -d**3 - 13*d**2 - 5*d + 12. Calculate the remainder when w(-13) is divided by 33.
11
Suppose -39*n = -40*n + 19. Let r(p) = -p**3 + 8*p**2 - 7*p + 5. What is the remainder when n is divided by r(7)?
4
Suppose 4*m - 35 - 97 = 0. What is the remainder when 64 is divided by m?
31
Let i be 2*((-5 - -2) + 1). Let d be (-2)/i - 54/(-4). Let n = 31 - d. What is the remainder when n is divided by 6?
5
Suppose t = 4*b - 0*t - 139, 3*t = 4*b - 137. What is the remainder when b is divided by 18?
17
Let t(m) = m**3 + 7*m**2 + 4*m - 5. Suppose -5*a + 32 + 18 = 0. Calculate the remainder when t(-4) is divided by a.
7
Let f(z) = -z + 19. Let r be f(13). Let v = r + 11. What is the remainder when (-64)/(-1 + 3)*-1 is divide